t g = 39 + -31. Suppose 0 = -5*i + l + 259 + 23, -4*l + 48 = i. Calculate the highest common divisor of i and g.
8
Suppose -473 = -8*p - 35*p. Calculate the greatest common factor of p and 2189.
11
Let p = 846 + -476. Calculate the highest common divisor of p and 37.
37
Suppose -25*o = -22*o - 12. Let i be (-48)/1*o/(-6). Calculate the highest common factor of i and 256.
32
Suppose -35 + 119 = 28*s - 112. Let f = -49 + 112. What is the highest common factor of f and s?
7
Let o be 4/(-6) - (-788)/12. Suppose 5*p - 256 = z, z + 204 = 3*p + p. Let w be (p/(-3))/4*-3. What is the greatest common divisor of o and w?
13
Let u(g) be the second derivative of g**4/6 + 4*g**3/3 + g**2 + 18*g. Let q be u(4). Calculate the greatest common divisor of 22 and q.
22
Suppose 0 = -v + 2 + 79. Let z = -18 - -27. What is the greatest common factor of z and v?
9
Suppose -3*w - 1 = -2*w, 5*t = -4*w + 81. Calculate the highest common factor of 68 and t.
17
Let j = 90 - 89. Let d be 0 + 270/5 + j. What is the greatest common divisor of d and 5?
5
Suppose -5*c + 68 = 4*t, 3*c = 5*t + 5 + 21. Let y be 5/2 + 6/(-12). Suppose y*n = -3*n + 30. What is the highest common factor of c and n?
6
Suppose -4*c = 0, -4*p + 2*c - 108 = -c. Let i = p + 47. What is the highest common factor of 160 and i?
20
Let j be ((-45)/10 + 2)*12/(-10). Suppose -j*d = -3 - 12. What is the highest common divisor of d and 2?
1
Suppose 16 - 10 = -2*j, -2*q = -4*j - 30. Calculate the highest common factor of 27 and q.
9
Suppose -11 = -f + 3. Suppose 0*r - 10 = -2*r. Suppose f = -r*g + 79. Calculate the greatest common divisor of g and 39.
13
Let s(q) be the first derivative of 3*q**2 - 4 + 3*q**2 - 4*q**2 + 1. Let k be s(7). What is the highest common divisor of 28 and k?
28
Let u(k) = -k**3 + 8*k**2 - 13*k + 4. Suppose t - 4*h - 4 = -t, 5*t + 3*h = 23. Let r be u(t). What is the highest common divisor of r and 24?
8
Let f be (-1356)/(-6) - 5*1. What is the greatest common divisor of f and 26?
13
Suppose 0 = -z - 4*j - 0*j - 21, 0 = 5*z - 3*j + 197. Let t = z - -64. What is the highest common divisor of 3 and t?
3
Let v = 26 + -16. Let u(y) = y**3 - 10*y**2 + 4*y - 7. Let r be u(v). Let o be 64/6 - 2/(-6). Calculate the highest common divisor of r and o.
11
Let s(q) = -q**3 - 20*q**2 - 37*q - 15. Let d be s(-18). Calculate the highest common divisor of 13 and d.
1
Let z(p) = -6*p**2 - 195*p + 99. Let w be z(-31). What is the greatest common factor of 14 and w?
14
Let g(a) = a**2 - 11*a + 8. Let j be g(-9). Suppose b - j = -b. Suppose 4*p + 2 = b. What is the greatest common factor of p and 230?
23
Let q(l) = -4*l + 25. Let o be q(-2). What is the greatest common divisor of o and 55?
11
Suppose 3*g + 4*u = 20, 3*u + 25 = -g + 8*u. Suppose -14*s + 8*s + 90 = g. What is the greatest common divisor of 6 and s?
3
Let o(m) = 14*m - 30. Let h be o(-6). Let q = -125 - -343. Let b = q + h. What is the highest common factor of b and 13?
13
Let j(d) = -d**2 - 15*d - 27. Let l be j(-13). Let q(r) = 22*r**2 + r - 2. Let y be q(l). Calculate the highest common factor of 304 and y.
19
Let k be (5 + -5 - -19) + -2. Suppose k = 6*o - 7. What is the greatest common factor of o and 68?
4
Let n be 40 - 7/(28/16). Calculate the greatest common divisor of 4 and n.
4
Let o(i) = i**2 + 12*i - 9. Let u be o(-9). Let g = 56 + u. Let l be (4/3)/(g/90). What is the greatest common divisor of 2 and l?
2
Let f = 47 - 35. Suppose -2*o + 5*q + 128 = 0, -4*q - 82 + f = -o. Calculate the highest common factor of 9 and o.
9
Suppose -13*h = -56 - 48. What is the highest common divisor of h and 1384?
8
Let v be (-18)/12*(-4)/(-3). Let h be 129 + v*(-3 + 4). Suppose -3*a + h = -4*j, -4*a + 174 = 2*j - 5*j. What is the highest common factor of 18 and a?
9
Suppose 9*d - 4*d - 315 = 0. Suppose 0 = 3*v - 7*l + 2*l - 67, 3*v - d = 3*l. What is the greatest common factor of v and 76?
19
Suppose 98 = 20*s - 162. What is the highest common divisor of s and 533?
13
Let m(d) = d**2 - 8*d + 32. Let h be m(3). What is the highest common factor of h and 833?
17
Let p(q) = 2*q**2 - 10*q - 18. Let b be p(8). Let h = b + -23. What is the highest common divisor of 2 and h?
1
Let j be 8/(-8) + 0 + 4. Suppose 0 = -j*x + x + 52. Calculate the greatest common factor of x and 91.
13
Let q be 81/3*3/1. Let s = -568 - -622. Calculate the highest common factor of q and s.
27
Let z = 11 + -8. Suppose -2*f - 3*m = -17, 3*f - z*m + 0 = 48. Calculate the highest common divisor of f and 52.
13
Let w(d) = 10*d**2 + 39*d + 199. Let k be w(-6). What is the highest common factor of 52 and k?
13
Let n be (-1)/(-2) + (-190)/(-20). Calculate the greatest common divisor of n and 4.
2
Suppose 12*m - 427 = 437. What is the greatest common divisor of 90 and m?
18
Suppose 5*v + 55 = 35*d - 34*d, -4*v = -d + 56. What is the greatest common divisor of d and 105?
15
Let g = 19 + -5. Let s(f) = f**2 - 10*f - 21. Let x be s(17). Calculate the highest common divisor of g and x.
14
Suppose 36 = y - 2*h, 6*y - 4*y - h - 78 = 0. Calculate the greatest common factor of y and 50.
10
Suppose -d + 1 = -2*n + 14, -5*n + 32 = -2*d. Let m be 1 - n*(-5)/10. Calculate the highest common divisor of 6 and m.
2
Suppose 3*i = 0, 0*i = -j + 5*i + 774. What is the highest common factor of j and 18?
18
Suppose -20 + 32 = 2*p. Let n = -92 - -140. Calculate the highest common factor of p and n.
6
Let m = -326 + 339. Calculate the highest common divisor of m and 442.
13
Suppose 118*c - 114274 = -7602. What is the highest common divisor of c and 113?
113
Let b = 62 - 25. Let v = b - -40. Calculate the highest common factor of 11 and v.
11
Suppose -485 = 17*x - 1981. Suppose -4*c = 2*u + 32, 3*c = -2*u - 2*u - 34. Let a be c/(-4)*48/9. What is the highest common factor of x and a?
8
Let v be ((-15)/6)/(1/(-4)). Let q = 14 - v. Suppose q + 11 = 3*i. What is the highest common factor of 10 and i?
5
Let y be (-20)/(-20)*(-22)/(-2). Let d be 3/12*-2*-6. Suppose 2*l = -d*l + 55. Calculate the greatest common divisor of y and l.
11
Suppose 4*h = -3*j + 60, 2*j = h - 18 + 3. Suppose 0 = -h*v + 18*v + 66. Let y = v + 27. Calculate the highest common factor of 45 and y.
5
Let o = 22 - 13. Suppose -7 - o = -4*n. Suppose n*h = f - 189 - 3, 362 = 2*f + 3*h. Calculate the greatest common factor of 23 and f.
23
Let s(m) = 2*m + 14. Suppose w = -0*w - 2*v - 1, w - v + 16 = 0. Let o be s(w). Let q be -1 - (o/4 - 2). Calculate the greatest common factor of q and 2.
1
Suppose 60*g - 8 = 58*g. Calculate the greatest common factor of g and 26.
2
Let k be (2/4 + 0)*144. Suppose 4*x - k = x. Suppose 2*y - w - 242 = 0, -2*y + 6*y - 486 = 3*w. What is the greatest common divisor of x and y?
24
Let l be 5/(5/3)*1. Suppose l*n = -0*n + 6. Suppose 3*r = -2*p + 19, -2*p + 36 = n*p + 4*r. Calculate the highest common factor of 8 and p.
8
Suppose -123 = -13*z + 280. Calculate the greatest common factor of 31 and z.
31
Let i = -54 - -95. What is the greatest common factor of i and 779?
41
Let x = 17 + -11. Let g(n) = -n**2 + 13*n - 10. Let m be g(x). What is the greatest common factor of m and 64?
32
Let h = 226 - 149. Suppose 2644 - 2545 = 9*i. What is the greatest common divisor of h and i?
11
Let q be (-30)/(-8)*16/6. Let k(w) = -9*w - 10. Let f be k(-2). Suppose 30 = -f*d + 270. What is the highest common divisor of d and q?
10
Let q(n) be the first derivative of -n**4/4 - 7*n**3/3 + 2*n**2 + 3*n + 6. Let t be q(-8). What is the highest common factor of 5 and t?
5
Let d be 50/(-165)*-1479 - 6/33. Calculate the greatest common factor of 28 and d.
28
Let o(q) be the third derivative of -q**6/120 - 2*q**5/15 + q**4/12 - 11*q**3/6 + 13*q**2. Let c be o(-9). What is the greatest common divisor of 4 and c?
4
Suppose 0 = 3*g + 2*g + a - 19, -3*a + 6 = -2*g. Suppose -g*h + 86 + 4 = 0. Calculate the greatest common factor of 75 and h.
15
Let b be (-3 - -8) + 0 + -2. Suppose 3*y + 3 = b*d, -3*d + y + y + 5 = 0. What is the highest common factor of d and 3?
3
Suppose -651 = -3*c + 6*u - 9*u, -4*c = -u - 858. Calculate the highest common divisor of c and 43.
43
Let h(x) = -x**3 + 6*x**2 + 12*x. Let f be h(7). Let t be 0/(-2) + (5 - 2). Let o be 4/(-6)*(-63)/t. What is the greatest common divisor of o and f?
7
Suppose 86*o = 83*o + 528. What